of 225 and t?
9
Suppose -2*s - 2*f = -14, -2*s + 9*f - 11 = 6*f. Suppose -s*l - 3*l = -115. What is the greatest common factor of l and 253?
23
Let o be 3/((-12)/8) - 2*-3. What is the greatest common divisor of 44 and o?
4
Let r = 19 + -26. Let x(j) = -2*j - 7. Let k be x(r). Calculate the highest common factor of k and 70.
7
Let a = 28 - 23. Let o = 98 + -20. Suppose -3*u + 3 = -a*t + o, -u + 31 = 3*t. What is the highest common factor of t and 18?
6
Suppose 5*y + 3*u = 0, 0 = -4*u - 15 - 5. Suppose 0*s + y = 3*s. What is the greatest common divisor of s and 11?
1
Let j = -278 + 279. Calculate the highest common divisor of 27 and j.
1
Let w = 107 + -161. Let m = w + 88. Calculate the greatest common divisor of m and 17.
17
Suppose c - 18 + 19 = 0. Let d be c + -1 - (3 + -16). What is the highest common factor of d and 11?
11
Suppose 48*i - 1389 = -1006 + 1921. Let c(q) = 17*q**2 - 2*q. Let l be c(-2). What is the highest common factor of i and l?
24
Let y(j) = j**2 - 14*j + 3. Let w be y(14). Suppose 25 = 2*a + w*a. What is the highest common factor of 5 and a?
5
Let p be (-1)/(-2 + (-36)/(-16)). Let v(w) = 6 + 4 - w**3 - 2*w**2 + 6*w + 0. Let s be v(p). Calculate the highest common divisor of 27 and s.
9
Suppose 0 = -4*p + 7 + 1. Let b = 3 - -7. Calculate the greatest common divisor of p and b.
2
Suppose -4*d = -5*c, 4*d = 2*c + c + 8. Suppose 0 = 5*u + 41 + 19. Let g(y) = y + 14. Let h be g(u). Calculate the greatest common factor of h and c.
2
Suppose 7*n + 21*n = 840. What is the greatest common factor of 42 and n?
6
Suppose 2*i = -2*i + 128. Let k be 7 + (-1)/((-3)/(-12)). Suppose k*f + 0*f = 144. Calculate the greatest common factor of i and f.
16
Let w(l) = -l**3 + 11*l**2 - 10*l + 14. Let h(m) = 12*m**2 + m - 1. Let u be h(-1). Let c be w(u). Calculate the greatest common divisor of c and 112.
14
Suppose -5*b + 4*j + 165 = j, -b - 4*j + 56 = 0. Suppose b = 6*h - 0*h. Calculate the greatest common divisor of h and 42.
6
Suppose -2*a + 6 + 22 = 0. Let k = -154 + 308. What is the greatest common factor of a and k?
14
Let d(f) = -f**3 - 6*f**2 + 3*f + 26. Let x be d(-8). Let n = x + -109. Suppose 5*t - 431 = 304. Calculate the highest common factor of t and n.
21
Suppose -c + 83 = -2*u, 2*u = c - 5*c + 332. Suppose 11 = -2*a + c. What is the highest common divisor of 24 and a?
12
Let b(f) be the first derivative of 3*f**4/4 + 2*f**3/3 - f**2/2 - 10. Let g be b(1). Let u be (-6 + -2)*(-22)/4. What is the highest common divisor of u and g?
4
Let t be (-2 + 1)/((-20)/40). What is the highest common factor of 19 and t?
1
Let o = 128 - 113. Suppose y + 0 = -8. Let b = o + y. What is the highest common divisor of b and 21?
7
Suppose r - 212 = -52. Let s = 1065 - 1045. What is the greatest common factor of r and s?
20
Suppose 2 = -2*u + 22. Let k be 2 + (-2)/1 - -10. Let i(w) = 3*w. Let s be i(k). What is the highest common factor of u and s?
10
Suppose -5*n - w - 35 = -7*n, 2*w = 3*n - 53. Suppose 0 = -t - 3*t + 1020. Suppose a - t = -2*a. Calculate the greatest common factor of a and n.
17
Let h be (3/(-18)*-196)/((-4)/6). Let y = -44 - h. Calculate the greatest common factor of y and 55.
5
Let r be 233/3 - (-2)/(-3). Let v(t) = 6*t**3 + 2*t**3 - 7*t**3 - 11*t**2 - 11*t - 5. Let q be v(12). What is the greatest common factor of r and q?
7
Let s be (-33)/(-15) - (-3)/(2 + -17). Suppose -s*w = -4*w - x + 19, -w = 2*x - 11. What is the highest common factor of 63 and w?
9
Let u be (10/(-6))/((-1)/51). Suppose -u = -5*x - 5*q, -3*x + 59 = -0*q - q. Calculate the highest common factor of x and 95.
19
Suppose 84 = -3*t + 93. What is the highest common factor of t and 2?
1
Let d be (-35)/14*(-96)/20. What is the greatest common divisor of 780 and d?
12
Suppose -p = -4 - 9. Let q be 5 + -7 - (-197 + -1). Suppose 0 = -4*z + 4*k + 160, k - 2*k - q = -5*z. Calculate the highest common divisor of z and p.
13
Suppose -9*b - 240 = -13*b. Suppose 10*d - 7*d = 120. What is the greatest common divisor of b and d?
20
Suppose 33*q = 439 - 142. Let y = 23 + 13. What is the highest common factor of q and y?
9
Let f = -29 + 32. Suppose 0 = f*o - 7*o + 40. What is the greatest common divisor of 50 and o?
10
Let w(j) be the first derivative of j**2/2 - 13*j + 3. Let t be w(-7). Let r = t - -23. What is the highest common factor of r and 3?
3
Let d(p) = p**3 + 2*p. Let f = -43 + 46. Let z be d(f). What is the greatest common divisor of z and 3?
3
Suppose g + 2*g = 12, o + 3*g - 14 = 0. Suppose 5*b + 159 = a + o*b, -5*a = 3*b - 759. What is the greatest common divisor of 17 and a?
17
Let a be 99/(-21) + (-4)/14. Let q be (-2716)/6 + a/15. Let i be q/(-5) - (-6)/15. Calculate the greatest common divisor of 13 and i.
13
Let d = 13 - 7. Suppose 0*a - 5*a + 50 = 0. Suppose -7*k - 126 = -a*k. Calculate the greatest common factor of k and d.
6
Let b be 2160/324*(-114)/(-2). What is the greatest common factor of 80 and b?
20
Suppose 2*d - w + 121 = 3*d, 2*w - 482 = -4*d. What is the greatest common factor of d and 280?
40
Let j = -24 - -24. Suppose -y - y + 4 = j. Suppose 2*u - 14 + y = 0. Calculate the highest common factor of u and 9.
3
Let c(r) = -r**3 + 2*r**2 + 6*r. Let x be c(-3). Let p = 31 - x. Calculate the highest common divisor of p and 10.
2
Let l be 220/(-105) - 4/(-42). Let f be ((-4)/12 - l)/((-2)/(-96)). What is the greatest common factor of 32 and f?
16
Let i be (-11 - (-43)/4)/((-2)/184). What is the greatest common divisor of i and 1127?
23
Let h be 0 + 9/(-15) - (-2261)/85. What is the highest common divisor of 325 and h?
13
Let v(x) = 4*x + 6. Let y be v(-5). Let g(r) = r. Let p be g(-1). Let z = p - y. Calculate the highest common factor of z and 104.
13
Let r be (-2)/(-2) - -14 - -1. Let k = r + -9. Suppose 861*o - 117 = 858*o + 5*m, 0 = 2*o + 5*m - 128. What is the highest common divisor of k and o?
7
Suppose 3*a - 353 - 223 = 0. Suppose 0 = -7*n + 3*n + a. Calculate the highest common divisor of n and 6.
6
Suppose 6*a = 171 - 51. Let r = -18 + a. What is the greatest common divisor of r and 3?
1
Let x be ((-20)/50)/((-2)/(-310)). Let p = x - -64. What is the greatest common factor of 3 and p?
1
Let h be (-4)/10*(-11)/(143/15925). Calculate the greatest common divisor of 196 and h.
98
Let v(n) = -36*n - 75. Let y be v(-8). Calculate the highest common factor of y and 6.
3
Let h be 3/6 - 14/(-4). Suppose 0 = -0*t - 2*t + 100. Suppose -4*q + t = 5*g, g + g - q = 20. Calculate the highest common divisor of h and g.
2
Let w be (-32)/56 - (-1368)/42. Calculate the greatest common factor of w and 4.
4
Suppose -3*q + 3 = -j + 35, 4*j = 5*q + 114. Calculate the highest common divisor of j and 4.
2
Suppose -810 = -5*z + 2*z. Calculate the highest common divisor of 81 and z.
27
Let l(z) = z**3 + 3*z**2 - 7*z - 1. Let a be l(-5). Let j = 22 + a. Let k be (2/j)/((-2)/(-48)). Calculate the highest common divisor of k and 20.
4
Suppose -q + 4 = 3*h, -24*q + 8 = -21*q + 5*h. Suppose f - 3*j - 9 = 4*f, -5*f - 2*j = 0. Let k = f + -1. Calculate the greatest common factor of k and q.
1
Let f be (2/5)/(2/20). Suppose f*c - 24 = 2*c. Suppose 2*m - 22 = 2*r, 3*m + 3*r - c - 27 = 0. Calculate the highest common divisor of 18 and m.
6
Let p = 77 - -53. Calculate the greatest common factor of 20 and p.
10
Let g(i) = -2*i + 7 + 3 + 0 + 6. Let y be g(6). What is the greatest common divisor of 4 and y?
4
Suppose 112*k + 210 = 117*k. Calculate the highest common divisor of 28 and k.
14
Let n = -238 - -410. What is the highest common factor of 8 and n?
4
Let h = 2542 - 1162. Calculate the highest common factor of 20 and h.
20
Let j(r) = 4*r + 16. Let k be j(8). What is the highest common factor of 120 and k?
24
Let i = 38 + -39. Let l be -1 + (i - (1 - 4)). What is the greatest common factor of l and 1?
1
Let s = 19 + -2. Let k = s - -9. Suppose 0 = 3*t + 2*i - 22, 0 = -4*t + i + 18 + k. What is the greatest common divisor of t and 20?
10
Let b = -63 + 73. Let k(h) = -h**3 + 5*h**2 + 8*h - 2. Let f be k(6). Calculate the greatest common factor of f and b.
10
Suppose 14*t - 146 = 8. Let x = -91 - 45. Let c = x + 257. Calculate the highest common factor of t and c.
11
Let k = 1863 - 524. Calculate the greatest common factor of k and 13.
13
Let r = 189 - 135. Let n(s) = s**3 + 